*f - 12. Suppose 7 + 9 = f*t. Suppose -3*p + 4 = p, -t*p = i - 14. List the prime factors of i.
2, 5
List the prime factors of (-6)/(-2) + 27 + -3.
3
Let l = 87 - 62. Suppose -2*n - l = -5*g + 2*n, -g - 4*n + 5 = 0. What are the prime factors of g?
5
Suppose 0 = -d - 3*s + 49, 2*s = -4*d + 70 + 106. List the prime factors of d.
43
List the prime factors of 4*(-4 - (-99)/6).
2, 5
Suppose 26 = 5*y - 129. What are the prime factors of y?
31
Suppose -4*v + 22 = -2*w, 5*w + 0*v = 4*v - 31. Let k = -7 - w. Let f(d) = d**2 + 3*d. What are the prime factors of f(k)?
2
Let c(p) = -5*p + 1. Let i be c(-2). Suppose -4*l - 13 - i = 0. List the prime factors of 2/l + (-76)/(-12).
2, 3
What are the prime factors of 1030/18 + (-5 - (-129)/27)?
3, 19
Let g(w) be the first derivative of w**4/4 + 2*w**3 - 5*w**2 - w + 2. List the prime factors of g(-7).
2, 5
Let a be (-9)/15 + 14/(-10). Let c = -4 + a. What are the prime factors of -12*c/(-8)*-1?
3
Let p = 169 + -79. List the prime factors of p.
2, 3, 5
Let v(g) = 11*g + g**2 - 5*g**2 + g**2 + 2*g**2 - 9. List the prime factors of v(7).
19
Suppose 0 = -5*n + 4 - 19. List the prime factors of (4/n)/((-4)/54).
2, 3
Let n = 12 + -6. Suppose -2*c = -n*c + 48. What are the prime factors of c?
2, 3
Suppose 2*l + 55 = 7*l. What are the prime factors of l?
11
Let h be (1 - 0)/((-3)/(-9)). Suppose -54 = -2*a + h*d, -53 = -a - 4*d - d. List the prime factors of a.
3, 11
List the prime factors of 281 + (-1 - -10 - 5).
3, 5, 19
Let u(z) = 33*z**3 - 8 + 1 - z - 32*z**3 + 0*z - z**2. List the prime factors of u(3).
2
Suppose 0*r = r - 1. Suppose g - 10 = r. List the prime factors of g.
11
Let f(x) = -5*x**2 - 51*x - 34. Let d(j) = -j**2 - 10*j - 7. Let s(c) = 11*d(c) - 2*f(c). List the prime factors of s(-6).
3
Let f be 8/(-6)*18/(-12). Let r(k) = -k**2 + 5*k - 4. List the prime factors of r(f).
2
Suppose -21 + 87 = 2*d + 5*j, -2*d = 4*j - 62. List the prime factors of d.
23
Suppose -353 + 43 = -m. What are the prime factors of m?
2, 5, 31
Suppose 3*y - 56 = 55. What are the prime factors of y?
37
Let p = 23 - 8. Suppose 3*u = 5*f + 2, -32 = u + 3*u + 2*f. Let l = u + p. List the prime factors of l.
3
Let i be 2 - 0 - 3/(-1). Suppose -24 = -i*s + 16. What are the prime factors of s?
2
Let g(m) = 2*m**2 + 5*m - 3. Let t be g(-4). Suppose -t = -2*i - 1. Suppose -48 = -i*x - 0*x. What are the prime factors of x?
2, 3
List the prime factors of (-1 - -25) + -7 + 10.
3
Let x(s) = s**3 + 8*s**2 + 6*s + 2. Let a be x(-7). Suppose 0 = -4*g + 15 + a. Suppose 2*t = 6 + g. What are the prime factors of t?
2, 3
Suppose 3*h + h = 196. What are the prime factors of h?
7
Suppose -4*q - 22 = -66. What are the prime factors of q?
11
Let o(u) = -u**3 + 5*u**2 + 5*u + 8. Let n be o(6). Suppose 0 = -4*a + 3*p + 221, n*a - 112 + 0 = 2*p. What are the prime factors of a?
53
What are the prime factors of 9/6*(-472)/(-6)?
2, 59
Suppose o + 3*w + 12 = 0, 2*o - 8 - 13 = 3*w. Suppose -6 + 3 = -o*j, j = 4*x - 19. What are the prime factors of x?
5
Suppose -2*c = i - 1, 0 = c + c + 5*i - 5. Suppose c = -4*n - 4*a + 32, 3*n - 4*a = 1 - 12. What are the prime factors of n?
3
Suppose 0 = -2*t + 54 + 26. Suppose 43 = -4*n - 73. Let h = t + n. List the prime factors of h.
11
Let j(r) be the first derivative of -1/4*r**4 + 7*r - 2 + 1/2*r**2 + 1/3*r**3. List the prime factors of j(0).
7
Suppose -4*c - 3*n + 5*n = 2, 13 = 4*c - 5*n. Let v be 2/(c/(-6) + 0). Suppose 0 = v*b - 8*b + 32. What are the prime factors of b?
2
Suppose 3*i = i + 8. Suppose -5*s - 36 = -4*f, -4*f - 3*s + 0 = -i. Suppose f = 4*y - 28. List the prime factors of y.
2
List the prime factors of (-1140)/(-40) + 1/2.
29
Suppose 5*j - 9*j = -72. List the prime factors of j.
2, 3
Suppose 0 = 3*o + 4*c - 10, 3*o - c - 3*c = 26. Suppose -3*a + o*a = 27. What are the prime factors of a?
3
Let t be 6/2*(-4)/(-6). Suppose a - 3*c = 8, -5*a + 3*c + 21 = 5. Suppose b + a = t*b. What are the prime factors of b?
2
Let m be 0/(2 + (-2 - 1)). Suppose 4*g - 66 = 2*g + 2*k, m = -k - 4. What are the prime factors of g?
29
List the prime factors of ((-8)/(-6))/(12/234).
2, 13
Suppose 0 = s + s + 4, -3*v - 3 = -3*s. Let y = v - -7. List the prime factors of y.
2
Let h = -63 + 262. What are the prime factors of h?
199
Let y(r) = -r**2 + r + 24. Let j be y(0). Suppose 3*w - 10 = s + 5, 3*s + j = 2*w. What are the prime factors of s/27 + 94/18?
5
Let p(i) = -2*i**2 + 6*i + 1. Let s be p(7). Let a be s/(-5) - (-4)/(-2). What are the prime factors of (6 + -3)/(a/21)?
7
Let m(z) = z**2 - 5*z + 2. Let b(q) be the third derivative of -q**5/60 - q**4/4 + q**3/6 - q**2. Let a be b(-5). What are the prime factors of m(a)?
2
Let t be ((-6)/(-8))/((-1)/4). Let x(n) = -n**3 - 3*n**2 - 2*n - 3. Let l be x(t). Suppose -l*q + 35 = 2*q. What are the prime factors of q?
7
Suppose -5*j - 5*x - 20 = 0, 2*j + 19 = j - 4*x. Suppose u + 5 = j, -3*n - 15 = -3*u. Let s(v) = -v**3 - 9*v**2 + 11. What are the prime factors of s(n)?
11
Let k(d) = d - 9. Let n be k(9). Let v = -33 + 36. Suppose -z - v*z + 40 = n. What are the prime factors of z?
2, 5
Let q = 1 + 1. Suppose q*m - 116 = -2*m. What are the prime factors of m?
29
Let n = -4 + 7. Let i(b) = b**3 - 3*b**2 + 2*b - 4. Let x be i(n). Suppose x*l = -1 + 27. What are the prime factors of l?
13
Let b(w) = -4 - w + 4 + 2 + 7. Let s be b(6). Suppose l + 4*l = -s*n + 34, 2*l + 36 = 5*n. What are the prime factors of n?
2
Let g = 12 + -5. Suppose -5*u = g + 3. What are the prime factors of 11 - 3 - u/(-1)?
2, 3
Let u = 9 - 11. List the prime factors of 4/6*(u + 20).
2, 3
Suppose -3*b - 4 = -5*b. Suppose -b*f = -0*f - 94. What are the prime factors of f?
47
Suppose -3 = -m - 0*m. Suppose 0 = -m*t + 72 + 21. List the prime factors of t.
31
Let w = -5 - -8. Let o(l) = 1. Let g(m) = m + 1. Let p(b) = 3*g(b) - 4*o(b). List the prime factors of p(w).
2
List the prime factors of ((-779)/(-76))/(2/24).
3, 41
Suppose 0 = -3*b - 2*b + 115. List the prime factors of b.
23
Let j(d) = d**3 + 2*d**2 - 5*d. Let f be j(-4). List the prime factors of 56/f*(-2 - 10).
2, 7
Let a(w) = w**3 + 12*w**2 + 4*w - 10. What are the prime factors of a(-11)?
67
Let k(w) = -w**2 - 7*w - 6. Let t be k(-5). List the prime factors of -18*(t/3)/(-2).
2, 3
Let u = -82 + 125. Let l = -13 + u. What are the prime factors of l?
2, 3, 5
What are the prime factors of 10*1*(9 - 0)?
2, 3, 5
Let k = 2 - -3. Suppose -q - k*p - 23 = 0, -3*q + 5 = -3*p + 2. What are the prime factors of (-9)/((-3)/(-6)*q)?
2, 3
Suppose -5 = -s + 1. Let y = 4 - 4. Suppose b + b - s = y. List the prime factors of b.
3
List the prime factors of ((-9)/(-12))/3 + (-526)/(-8).
2, 3, 11
Let q = -6 + 39. What are the prime factors of q?
3, 11
Let r(d) = d**2 + 10*d + 13. Let l be r(-9). Let i = l - 2. What are the prime factors of i?
2
Let j be 12*(2 - 6/4). Let w = j - 3. Let f = 12 - w. List the prime factors of f.
3
Suppose -211 = 5*r - 4*m, 4*r - 4*m - m + 167 = 0. Let n = -31 - r. List the prime factors of n.
2, 3
Suppose -5*d = -2*d - 126. List the prime factors of d.
2, 3, 7
Let s = 4 + -9. List the prime factors of ((-8)/s)/((-5)/(-100)).
2
Suppose 2*w = -w - 18. Let y(q) = -2*q - 5. List the prime factors of y(w).
7
Suppose o + 16 - 46 = 0. Let g be 3*(0 + 20/(-3)). Let q = g + o. List the prime factors of q.
2, 5
Let l(v) = -v**2 + 8*v - 5. Suppose 0 = -2*y - 3*x + 26, 4*y - 26 = 2*x - 6. Let q be l(y). Suppose q - 10 = -t. What are the prime factors of t?
2
Suppose 0 = 4*q + i + i - 26, i + 19 = 2*q. Suppose 0 = -3*l - 2 + q. List the prime factors of l.
2
Let n(w) = -w + 10. Let l be n(6). Suppose -6 = -l*i + 10. List the prime factors of i.
2
Let r be -2 - (0 + -4*4). Let d be (-90)/(-21) - 4/r. Suppose 0 = -k + 9 + d. List the prime factors of k.
13
Let r be 6/(3 + 14/(-6)). Suppose -v + r = -1. List the prime factors of 2/(-5) + 24/v.
2
Let z(b) = -3*b - 7. What are the prime factors of z(-3)?
2
Let a be 5/((-15)/6) + 7. Suppose 0 = -a*s + 20 + 150. Suppose -5*r - 2*v + s = 0, 0*r - v + 20 = 3*r. What are the prime factors of r?
2, 3
Let s(v) = -2*v**3 - v**2 + 11*v + 7. What are the prime factors of s(-4)?
3, 5
Let o(d) = -d**3 - 3*d**2 + 3*d - 7. Suppose -5*a - 18 = 7. Let y be o(a). What are the prime factors of -3*(y/(-3))/2?
2, 7
Let l(b